{"id":985,"date":"2025-01-07T14:30:51","date_gmt":"2025-01-07T13:30:51","guid":{"rendered":"https:\/\/as-ai.org\/?page_id=985"},"modified":"2025-01-10T15:41:50","modified_gmt":"2025-01-10T14:41:50","slug":"advanced-school-in-ai-2","status":"publish","type":"page","link":"https:\/\/as-ai.org\/?page_id=985","title":{"rendered":"Costo dell&#8217;Advanced School in AI"},"content":{"rendered":"\n<div class=\"wp-block-stackable-heading stk-block-heading stk-block-heading--v2 stk-block stk-84852a4\" id=\"costo-dell-advanced-school-inof-the-school\" data-block-id=\"84852a4\"><style>.stk-84852a4 .stk-block-heading__text{font-size:44px !important;}@media screen and (max-width: 1023px){.stk-84852a4 .stk-block-heading__text{font-size:44px !important;}}<\/style><h1 class=\"stk-block-heading__text\">Costo dell&#8217;Advanced School in AI <\/h1><\/div>\n\n\n\n<div class=\"wp-block-stackable-text stk-block-text stk-block stk-271aec8\" data-block-id=\"271aec8\"><p class=\"stk-block-text__text has-text-align-justify\"><strong>Iscrizione alla Full School<\/strong>: 4500 \u20ac (IVA inclusa)<br><strong>Iscrizione anticipata<\/strong> (entro il 30 giugno): 10% di sconto sulla quota di iscrizione (anche per singoli moduli selezionati)<br><strong>Personale del CNR<\/strong>: sconto del 30% sulla quota di iscrizione (esempio 3150 euro)<br><strong>Studenti o disoccupati<\/strong>:  sconto del 40% sulla quota di iscrizione (esempio 2700 euro)<\/p><\/div>\n\n\n\n<div class=\"wp-block-stackable-text stk-block-text stk-block stk-3315d57\" data-block-id=\"3315d57\"><p class=\"stk-block-text__text has-text-align-justify\">NOTA: Gli sconti non sono cumulabili (10%, 30% o 40%, non entrambi). Il costo \u00e8 comprensivo di IVA. Puoi effettuare una simulazione del prezzo.<\/p><\/div>\n\n\n\n<div class=\"wp-block-stackable-divider stk-block-divider stk-block stk-f5891fa\" data-block-id=\"f5891fa\"><hr class=\"stk-block-divider__hr\"\/><\/div>\n\n\n\n<div class=\"wp-block-stackable-text stk-block-text stk-block stk-f0e0efc\" data-block-id=\"f0e0efc\"><style>.stk-f0e0efc .stk-block-text__text{font-size:26px !important;}@media screen and (max-width: 1023px){.stk-f0e0efc .stk-block-text__text{font-size:26px !important;}}<\/style><p class=\"stk-block-text__text has-text-align-center\">Simulare il prezzo della scuola<\/p><\/div>\n\n\n\n<div class=\"wpcf7 no-js\" id=\"wpcf7-f639-o1\" lang=\"it-IT\" dir=\"ltr\" data-wpcf7-id=\"639\">\n<div class=\"screen-reader-response\"><p role=\"status\" aria-live=\"polite\" aria-atomic=\"true\"><\/p> <ul><\/ul><\/div>\n<form action=\"\/index.php?rest_route=%2Fwp%2Fv2%2Fpages%2F985#wpcf7-f639-o1\" method=\"post\" class=\"wpcf7-form init\" aria-label=\"Modulo di contatto\" novalidate=\"novalidate\" data-status=\"init\">\n<div style=\"display: none;\">\n<input type=\"hidden\" name=\"_wpcf7\" value=\"639\" \/>\n<input type=\"hidden\" name=\"_wpcf7_version\" value=\"6.0.5\" \/>\n<input type=\"hidden\" name=\"_wpcf7_locale\" value=\"it_IT\" \/>\n<input type=\"hidden\" name=\"_wpcf7_unit_tag\" value=\"wpcf7-f639-o1\" \/>\n<input type=\"hidden\" name=\"_wpcf7_container_post\" value=\"0\" \/>\n<input type=\"hidden\" name=\"_wpcf7_posted_data_hash\" value=\"\" \/>\n<\/div>\n<table style=\"border-collapse: collapse; width: 100%; height: 200px;\">\n\t<tbody>\n\t\t<tr style=\"height: 100px;\">\n\t\t\t<td style=\"width: 40.2619%; height: 100px;\" valign=\"top\">\n\t\t\t\t<p><b><label style=\"font-size: 14pt;\">List of modules<\/label><\/b>\n\t\t\t\t<\/p>\n\t\t\t<\/td>\n\t\t\t<td style=\"width: 60.7381%; height: 100px;\">\n\t\t\t\t<p><input type=\"checkbox\" name=\"corsi[]\" value=\"c_0\" id=\"full_school\" class=\"classe_corsi\" \/> Full school [262 hours]\n\t\t\t\t<\/p>\n\t\t\t\t<p><input type=\"checkbox\" name=\"corsi[]\" value=\"c_1\" class=\"classe_corsi\" \/> Introduction and seminars [16 hours]\n\t\t\t\t<\/p>\n\t\t\t\t<p><input type=\"checkbox\" name=\"corsi[]\" value=\"c_2\" class=\"classe_corsi\" \/> Python Programming And Deployment [38 hours]\n\t\t\t\t<\/p>\n\t\t\t\t<p><input type=\"checkbox\" name=\"corsi[]\" value=\"c_3\" class=\"classe_corsi\" \/> Math and Programming [30 hours]\n\t\t\t\t<\/p>\n\t\t\t\t<p><input type=\"checkbox\" name=\"corsi[]\" value=\"c_4\" class=\"classe_corsi\" \/> Machine Learning Basics [58 hours]\n\t\t\t\t<\/p>\n\t\t\t\t<p><input type=\"checkbox\" name=\"corsi[]\" value=\"c_5\" class=\"classe_corsi\" \/> Machine Learning Advanced [70 hours]\n\t\t\t\t<\/p>\n\t\t\t\t<p><input type=\"checkbox\" name=\"corsi[]\" value=\"c_6\" class=\"classe_corsi\" \/> Brain Modelling [34 hours]\n\t\t\t\t<\/p>\n\t\t\t\t<p><input type=\"checkbox\" name=\"corsi[]\" value=\"c_7\" class=\"classe_corsi\" \/> Ethical and Legal Aspects of AI [12 hours]\n\t\t\t\t<\/p>\n\t\t\t<\/td>\n\t\t<\/tr>\n\t\t<tr style=\"height: 100px;\">\n\t\t\t<td style=\"width: 40.2619%; height: 100px;\" valign=\"top\">\n\t\t\t\t<p><b><label style=\"font-size: 14pt;\">Price<\/label><\/b>\n\t\t\t\t<\/p>\n\t\t\t<\/td>\n\t\t\t<td style=\"width: 60.7381%; height: 100px;\">\n\t\t\t\t<p><input type=\"text\" name=\"costo_corsi\" id=\"id_costo_corsi\" readonly \/>\n\t\t\t\t<\/p>\n\t\t\t<\/td>\n\t\t<\/tr>\n\t<\/tbody>\n<\/table>\n<p><input type=\"hidden\" name=\"elenco_corsi\" id=\"id_elenco_corsi\" \/><br \/>\n<script type=\"text\/javascript\">\n\njQuery( document ).ready(function($) \n{ \n\t\nlet elenco_corsi = [];\nlet totale_ore_selezionate = 0;\n\t\ncalc_price = function(generator)\n{\n \n\ttotale_ore_selezionate = 0;\n\t$('#id_elenco_corsi').val('');\n if(generator == 'full_school' && $('#full_school').prop('checked'))\n {\n prezzo_finale = 4500;\n $('.classe_corsi').each(function(i, obj) \n {\n if($(this).prop('checked') && $(this).attr('id') != 'full_school' ) \n {\n $(this).prop('checked', false);\n }\n });\n }\n else\n {\n $('#full_school').prop('checked', false);\n $('.classe_corsi').each(function(i, obj) \n {\n if($(this).prop('checked'))\n {\n $('#id_elenco_corsi').val($('#id_elenco_corsi').val() + \"\\n\" + elenco_corsi[$(this).val()].nome);\n totale_ore_selezionate += parseInt(elenco_corsi[$(this).val()].costo);\n }\n });\n\n \/\/prezzo_finale = totale_ore_selezionate * 24;\n\t\tprezzo_finale = totale_ore_selezionate;\n }\n\n\tprezzo_finale = Math.round(prezzo_finale);\n\t$('#id_costo_corsi').val('\u20ac '+prezzo_finale+',00');\n}\n\n\telenco_corsi['c_1'] = {nome: 'INTRODUCTION AND SEMINARS', costo:250};\n elenco_corsi['c_2'] = {nome: 'PYTHON PROGRAMMING AND DEPLOYMENT', costo:750};\n elenco_corsi['c_3'] = {nome: 'MATH AND PROGRAMMING (for non-STEM)', costo:550};\n elenco_corsi['c_4'] = {nome: 'MACHINE LEARNING BASICS', costo:1000};\n elenco_corsi['c_5'] = {nome: 'MACHINE LEARNING ADVANCED', costo:1150};\n elenco_corsi['c_6'] = {nome: 'BRAIN MODELLING', costo:580};\n elenco_corsi['c_7'] = {nome: 'ETHICAL AND LEGAL ASPECTS OF AI', costo:220};\n\n\tcalc_price();\n\t\n\t$(\".classe_corsi\").click(function()\n\t{\n generator = $(this).attr('id');\n\t\tcalc_price(generator);\n\t});\t\n});\n<\/script>\n<\/p><p style=\"display: none !important;\" class=\"akismet-fields-container\" data-prefix=\"_wpcf7_ak_\"><label>&#916;<textarea name=\"_wpcf7_ak_hp_textarea\" cols=\"45\" rows=\"8\" maxlength=\"100\"><\/textarea><\/label><input type=\"hidden\" id=\"ak_js_1\" name=\"_wpcf7_ak_js\" value=\"107\"\/><script>document.getElementById( \"ak_js_1\" ).setAttribute( \"value\", ( new Date() ).getTime() );<\/script><\/p><div class=\"wpcf7-response-output\" aria-hidden=\"true\"><\/div>\n<\/form>\n<\/div>\n\n\n\n\n<div class=\"wp-block-stackable-divider stk-block-divider stk-block stk-989caef\" data-block-id=\"989caef\"><hr class=\"stk-block-divider__hr\"\/><\/div>\n\n\n\n<div class=\"wp-block-stackable-heading stk-block-heading stk-block-heading--v2 stk-block stk-d79ae5c\" id=\"iscrizione\" data-block-id=\"d79ae5c\"><style>.stk-d79ae5c .stk-block-heading__text{font-size:50px !important;}@media screen and (max-width: 1023px){.stk-d79ae5c .stk-block-heading__text{font-size:50px !important;}}<\/style><h1 class=\"stk-block-heading__text\">Iscrizione<\/h1><\/div>\n\n\n\n<div class=\"wp-block-stackable-text stk-block-text stk-block stk-0764fa0\" data-block-id=\"0764fa0\"><p class=\"stk-block-text__text has-text-align-justify\">Il primo passo \u00e8 inviare una e-mail al Direttore della Scuola, Daniele Caligiore (daniele.caligiore@istc.cnr.it), e al Presidente Gianluca Baldassarre (gianluca.baldassarre@istc.cnr.it). L&#8217;e-mail deve contenere i seguenti allegati:<\/p><\/div>\n\n\n\n<div class=\"wp-block-stackable-icon-list stk-block-icon-list stk-block stk-38ba53d\" data-block-id=\"38ba53d\"><ol class=\"stk-block-icon-list__ol stk-block-icon-list--column\">\n<li class=\"wp-block-stackable-icon-list-item stk-block-icon-list-item stk-block stk-4bab2a4\" data-block-id=\"4bab2a4\"><div class=\"stk-block-icon-list-item__content\"><span class=\"stk-block-icon-list-item__marker\" aria-hidden=\"true\"><\/span><span class=\"stk-block-icon-list-item__text\">curriculum vitae e l&#8217;elenco degli esami universitari sostenuti con i relativi voti<\/span><\/div><\/li>\n\n\n\n<li class=\"wp-block-stackable-icon-list-item stk-block-icon-list-item stk-block stk-c179397\" data-block-id=\"c179397\"><div class=\"stk-block-icon-list-item__content\"><span class=\"stk-block-icon-list-item__marker\" aria-hidden=\"true\"><\/span><span class=\"stk-block-icon-list-item__text\">come oggetto: \u201cInformazione AS-AI VIII: Nome Cognome\u201d.<\/span><\/div><\/li>\n<\/ol><\/div>\n\n\n\n<div class=\"wp-block-stackable-text stk-block-text stk-block stk-2d5fc95\" data-block-id=\"2d5fc95\"><p class=\"stk-block-text__text has-text-align-justify\">Questo primo contatto con il direttore e il presidente, aiuta a discutere della vostra situazione e di come adattare al meglio l&#8217;AS-AI alle vostre esigenze e ai vostri obiettivi.<\/p><\/div>\n\n\n\n<div class=\"wp-block-stackable-text stk-block-text stk-block stk-5d99d5e\" data-block-id=\"5d99d5e\"><p class=\"stk-block-text__text has-text-align-justify\">Sulla base di queste informazioni, il Direttore della scuola e il Presidente organizzeranno una riunione di orientamento per scambiarsi ulteriori informazioni reciproche.<\/p><\/div>\n\n\n\n<div class=\"wp-block-stackable-divider stk-block-divider stk-block stk-99fa21c\" data-block-id=\"99fa21c\"><hr class=\"stk-block-divider__hr\"\/><\/div>\n\n\n\n<div class=\"wp-block-stackable-heading stk-block-heading stk-block-heading--v2 stk-block stk-503db50\" id=\"date-importanti\" data-block-id=\"503db50\"><style>.stk-503db50 .stk-block-heading__text{font-size:50px !important;}@media screen and (max-width: 1023px){.stk-503db50 .stk-block-heading__text{font-size:50px !important;}}<\/style><h1 class=\"stk-block-heading__text\">Date importanti<\/h1><\/div>\n\n\n\n<div class=\"wp-block-stackable-text stk-block-text stk-block stk-af2a4af\" data-block-id=\"af2a4af\"><p class=\"stk-block-text__text has-text-align-justify\"><strong>30 giugno 2025<\/strong>: Iscrizione anticipata per ottenere uno sconto sulla quota di iscrizione (10%). Lo sconto del 10% si applica anche ai singoli moduli. Gli sconti non sono cumulabili. Chi ha gi\u00e0 usufruito dello sconto del 30% o del 40% non pu\u00f2 usufruire dello sconto per l&#8217;iscrizione anticipata.<br><strong>25 settembre 2025<\/strong>: Termine ultimo per la presentazione delle domande di iscrizione (mandare un email a info@as-ai.org per domande oltre questo termine).<br><strong>29 settembre 2025<\/strong>: Comunicazione dell&#8217;esito della selezione degli studenti.<br><strong>Entro il 1\u00b0 ottobre 2025<\/strong>: Pagamento della prima parte della quota di iscrizione (2300 \u20ac per la Full School).<br><strong>Inizio ottobre 2025<\/strong>: Inizio dell&#8217;Advanced School in Artificial Intelligence.<br><strong>Entro il 15 gennaio 2026<\/strong>: Pagamento della parte restante della quota di iscrizione.<br><strong>Inizio febbraio 2026<\/strong>: Fine dei corsi<\/p><\/div>\n\n\n\n<div class=\"wp-block-stackable-divider stk-block-divider stk-block stk-4bdeaa5\" data-block-id=\"4bdeaa5\"><hr class=\"stk-block-divider__hr\"\/><\/div>\n\n\n\n<div class=\"wp-block-stackable-heading stk-block-heading stk-block-heading--v2 stk-block stk-48aadab\" id=\"certificato-finale\" data-block-id=\"48aadab\"><style>.stk-48aadab .stk-block-heading__text{font-size:50px !important;}@media screen and (max-width: 1023px){.stk-48aadab .stk-block-heading__text{font-size:50px !important;}}<\/style><h1 class=\"stk-block-heading__text\">Certificato finale<\/h1><\/div>\n\n\n\n<div class=\"wp-block-stackable-text stk-block-text stk-block stk-1cd1c44\" data-block-id=\"1cd1c44\"><p class=\"stk-block-text__text has-text-align-justify\">Il certificato finale \u201cCertificate: Advanced School in AI\u201d specificher\u00e0 l&#8217;avvenuta frequenza della scuola. Inoltre, il Certificato specificher\u00e0 i corsi frequentati con successo, il titolo del progetto. Il Certificato sar\u00e0 firmato dal Direttore Daniele Caligiore e dal Presidente  Gianluca Baldassarre.<\/p><\/div>\n","protected":false},"excerpt":{"rendered":"<p>Costo dell&#8217;Advanced School in AI Iscrizione alla Full School: 4500 \u20ac (IVA inclusa)Iscrizione anticipata (entro il 30 giugno): 10% di sconto sulla quota di iscrizione (anche per singoli moduli selezionati)Personale del CNR: sconto del 30% sulla quota di iscrizione (esempio 3150 euro)Studenti o disoccupati: sconto del 40% sulla quota di iscrizione (esempio 2700 euro) NOTA: &hellip; <\/p>\n<p class=\"link-more\"><a href=\"https:\/\/as-ai.org\/?page_id=985\" class=\"more-link\">Leggi tutto<span class=\"screen-reader-text\"> &#8220;Costo dell&#8217;Advanced School in AI&#8221;<\/span><\/a><\/p>\n","protected":false},"author":2,"featured_media":0,"parent":0,"menu_order":0,"comment_status":"closed","ping_status":"closed","template":"","meta":{"footnotes":""},"class_list":["post-985","page","type-page","status-publish","hentry"],"_links":{"self":[{"href":"https:\/\/as-ai.org\/index.php?rest_route=\/wp\/v2\/pages\/985","targetHints":{"allow":["GET"]}}],"collection":[{"href":"https:\/\/as-ai.org\/index.php?rest_route=\/wp\/v2\/pages"}],"about":[{"href":"https:\/\/as-ai.org\/index.php?rest_route=\/wp\/v2\/types\/page"}],"author":[{"embeddable":true,"href":"https:\/\/as-ai.org\/index.php?rest_route=\/wp\/v2\/users\/2"}],"replies":[{"embeddable":true,"href":"https:\/\/as-ai.org\/index.php?rest_route=%2Fwp%2Fv2%2Fcomments&post=985"}],"version-history":[{"count":6,"href":"https:\/\/as-ai.org\/index.php?rest_route=\/wp\/v2\/pages\/985\/revisions"}],"predecessor-version":[{"id":1144,"href":"https:\/\/as-ai.org\/index.php?rest_route=\/wp\/v2\/pages\/985\/revisions\/1144"}],"wp:attachment":[{"href":"https:\/\/as-ai.org\/index.php?rest_route=%2Fwp%2Fv2%2Fmedia&parent=985"}],"curies":[{"name":"wp","href":"https:\/\/api.w.org\/{rel}","templated":true}]}}